{"id":25,"date":"2024-05-22T12:49:09","date_gmt":"2024-05-22T10:49:09","guid":{"rendered":"https:\/\/east-frisia.de\/juist\/?page_id=25"},"modified":"2024-05-22T12:49:09","modified_gmt":"2024-05-22T10:49:09","slug":"webcam-juist","status":"publish","type":"page","link":"https:\/\/east-frisia.de\/juist\/webcam-juist\/","title":{"rendered":"Webcam Juist"},"content":{"rendered":"\n<p>s eine brandneue Webcam, die ab sofort online ist. Juist ist eine der ostfriesischen Inseln und befindet sich im nieders\u00e4chsischen Wattenmeer zwischen Borkum und Norderney. Mit einer L\u00e4nge von 17 Kilometern ist Juist die l\u00e4ngste Insel der ostfriesischen Inselgruppe.<\/p>\n\n\n\n<h2 class=\"wp-block-heading\">Webcam der &#8222;Inselgemeinde und Kurverwaltung Juist&#8220;<\/h2>\n\n\n\n<p>Die Webcam, die von der &#8222;Inselgemeinde und Kurverwaltung Juist&#8220; betrieben wird, zeigt auf der Webseite Juist.de die Hafenseite der Insel mit Blick auf das Wattenmeer. Auf der linken Seite ist der Sportboothafen zu sehen, w\u00e4hrend im Hintergrund die Seebr\u00fccke mit ihrem 17 Meter hohen Seezeichen aus dem Jahr 2008 zu bewundern ist. Jeden Tag erreichen die G\u00e4ste mit der tideabh\u00e4ngigen F\u00e4hre den Hafen von Juist. Direkt vor den Hafenanlagen befindet sich der Juist Leuchtturm namens &#8222;Memmertfeuer&#8220;. Wenn man nach rechts schaut, erstreckt sich der Blick \u00fcber die weiten Salzwiesen in Richtung Dom\u00e4ne Bill Juist, und nach S\u00fcdwesten kann man die Vogelinsel Memmert erkennen.<\/p>\n\n\n\n<h2 class=\"wp-block-heading\">Webcam auf&nbsp;Juist<\/h2>\n\n\n\n<figure class=\"wp-block-embed is-type-video is-provider-youtube wp-block-embed-youtube wp-embed-aspect-16-9 wp-has-aspect-ratio\"><div class=\"wp-block-embed__wrapper\">\n<iframe loading=\"lazy\" title=\"Neue Webcam auf der Nordseeinsel Juist online!\" width=\"1200\" height=\"675\" src=\"https:\/\/www.youtube.com\/embed\/K-o30s1z6_A?feature=oembed\" frameborder=\"0\" allow=\"accelerometer; autoplay; clipboard-write; encrypted-media; gyroscope; picture-in-picture; web-share\" referrerpolicy=\"strict-origin-when-cross-origin\" allowfullscreen><\/iframe>\n<\/div><figcaption class=\"wp-element-caption\"><em>Webcam auf&nbsp;Juist<\/em><\/figcaption><\/figure>\n\n\n\n<p>Die neue Webcam erm\u00f6glicht es den Betrachtern, die faszinierende Insel Juist in Echtzeit zu erleben, auch wenn sie nicht pers\u00f6nlich vor Ort sein k\u00f6nnen. Man kann die einzigartige Landschaft, die charakteristischen Bauwerke und die Natursch\u00f6nheiten der Nordseeinsel bewundern.<\/p>\n\n\n\n<p>Juist ist bekannt f\u00fcr seine unber\u00fchrte Natur, kilometerlangen Sandstr\u00e4nde und die besondere Ruhe, die die Insel ausstrahlt. Mit der Webcam kann man einen Eindruck von der idyllischen Atmosph\u00e4re gewinnen und sich vom Charme der Insel verzaubern lassen.<\/p>\n","protected":false},"excerpt":{"rendered":"<p>s eine brandneue Webcam, die ab sofort online ist. Juist ist eine der ostfriesischen Inseln und befindet sich im nieders\u00e4chsischen Wattenmeer zwischen Borkum und Norderney. Mit einer L\u00e4nge von 17 Kilometern ist Juist die l\u00e4ngste Insel der ostfriesischen Inselgruppe. Webcam der &#8222;Inselgemeinde und Kurverwaltung Juist&#8220; Die Webcam, die von der &#8222;Inselgemeinde und Kurverwaltung Juist&#8220; betrieben &#8230; <a title=\"Webcam Juist\" class=\"read-more\" href=\"https:\/\/east-frisia.de\/juist\/webcam-juist\/\" aria-label=\"Mehr Informationen \u00fcber Webcam Juist\">Weiterlesen &#8230;<\/a><\/p>\n","protected":false},"author":1,"featured_media":0,"parent":0,"menu_order":0,"comment_status":"closed","ping_status":"closed","template":"","meta":{"_lmt_disableupdate":"","_lmt_disable":"","footnotes":""},"class_list":["post-25","page","type-page","status-publish"],"yoast_head":"<!-- This site is optimized with the Yoast SEO plugin v27.5 - https:\/\/yoast.com\/product\/yoast-seo-wordpress\/ -->\n<title>Webcam Juist - Juist \u2013 Die Perle der Ostfriesischen Inseln<\/title>\n<meta name=\"robots\" content=\"index, follow, max-snippet:-1, max-image-preview:large, max-video-preview:-1\" \/>\n<link rel=\"canonical\" href=\"https:\/\/east-frisia.de\/juist\/webcam-juist\/\" \/>\n<meta property=\"og:locale\" content=\"de_DE\" \/>\n<meta property=\"og:type\" content=\"article\" \/>\n<meta property=\"og:title\" content=\"Webcam Juist - Juist \u2013 Die Perle der Ostfriesischen Inseln\" \/>\n<meta property=\"og:description\" content=\"s eine brandneue Webcam, die ab sofort online ist. Juist ist eine der ostfriesischen Inseln und befindet sich im nieders\u00e4chsischen Wattenmeer zwischen Borkum und Norderney. Mit einer L\u00e4nge von 17 Kilometern ist Juist die l\u00e4ngste Insel der ostfriesischen Inselgruppe. Webcam der &#8222;Inselgemeinde und Kurverwaltung Juist&#8220; Die Webcam, die von der &#8222;Inselgemeinde und Kurverwaltung Juist&#8220; betrieben ... Weiterlesen ...\" \/>\n<meta property=\"og:url\" content=\"https:\/\/east-frisia.de\/juist\/webcam-juist\/\" \/>\n<meta property=\"og:site_name\" content=\"Juist \u2013 Die Perle der Ostfriesischen Inseln\" \/>\n<meta name=\"twitter:card\" content=\"summary_large_image\" \/>\n<meta name=\"twitter:label1\" content=\"Gesch\u00e4tzte Lesezeit\" \/>\n\t<meta name=\"twitter:data1\" content=\"2\u00a0Minuten\" \/>\n<script type=\"application\/ld+json\" class=\"yoast-schema-graph\">{\"@context\":\"https:\\\/\\\/schema.org\",\"@graph\":[{\"@type\":\"WebPage\",\"@id\":\"https:\\\/\\\/east-frisia.de\\\/juist\\\/webcam-juist\\\/\",\"url\":\"https:\\\/\\\/east-frisia.de\\\/juist\\\/webcam-juist\\\/\",\"name\":\"Webcam Juist - Juist \u2013 Die Perle der Ostfriesischen Inseln\",\"isPartOf\":{\"@id\":\"https:\\\/\\\/east-frisia.de\\\/juist\\\/#website\"},\"datePublished\":\"2024-05-22T10:49:09+00:00\",\"breadcrumb\":{\"@id\":\"https:\\\/\\\/east-frisia.de\\\/juist\\\/webcam-juist\\\/#breadcrumb\"},\"inLanguage\":\"de\",\"potentialAction\":[{\"@type\":\"ReadAction\",\"target\":[\"https:\\\/\\\/east-frisia.de\\\/juist\\\/webcam-juist\\\/\"]}]},{\"@type\":\"BreadcrumbList\",\"@id\":\"https:\\\/\\\/east-frisia.de\\\/juist\\\/webcam-juist\\\/#breadcrumb\",\"itemListElement\":[{\"@type\":\"ListItem\",\"position\":1,\"name\":\"Startseite\",\"item\":\"https:\\\/\\\/east-frisia.de\\\/juist\\\/\"},{\"@type\":\"ListItem\",\"position\":2,\"name\":\"Webcam Juist\"}]},{\"@type\":\"WebSite\",\"@id\":\"https:\\\/\\\/east-frisia.de\\\/juist\\\/#website\",\"url\":\"https:\\\/\\\/east-frisia.de\\\/juist\\\/\",\"name\":\"Juist \u2013 Die Perle der Ostfriesischen Inseln\",\"description\":\"Urlaub auf Juist\",\"potentialAction\":[{\"@type\":\"SearchAction\",\"target\":{\"@type\":\"EntryPoint\",\"urlTemplate\":\"https:\\\/\\\/east-frisia.de\\\/juist\\\/?s={search_term_string}\"},\"query-input\":{\"@type\":\"PropertyValueSpecification\",\"valueRequired\":true,\"valueName\":\"search_term_string\"}}],\"inLanguage\":\"de\"}]}<\/script>\n<!-- \/ Yoast SEO plugin. -->","yoast_head_json":{"title":"Webcam Juist - Juist \u2013 Die Perle der Ostfriesischen Inseln","robots":{"index":"index","follow":"follow","max-snippet":"max-snippet:-1","max-image-preview":"max-image-preview:large","max-video-preview":"max-video-preview:-1"},"canonical":"https:\/\/east-frisia.de\/juist\/webcam-juist\/","og_locale":"de_DE","og_type":"article","og_title":"Webcam Juist - Juist \u2013 Die Perle der Ostfriesischen Inseln","og_description":"s eine brandneue Webcam, die ab sofort online ist. Juist ist eine der ostfriesischen Inseln und befindet sich im nieders\u00e4chsischen Wattenmeer zwischen Borkum und Norderney. Mit einer L\u00e4nge von 17 Kilometern ist Juist die l\u00e4ngste Insel der ostfriesischen Inselgruppe. Webcam der &#8222;Inselgemeinde und Kurverwaltung Juist&#8220; Die Webcam, die von der &#8222;Inselgemeinde und Kurverwaltung Juist&#8220; betrieben ... Weiterlesen ...","og_url":"https:\/\/east-frisia.de\/juist\/webcam-juist\/","og_site_name":"Juist \u2013 Die Perle der Ostfriesischen Inseln","twitter_card":"summary_large_image","twitter_misc":{"Gesch\u00e4tzte Lesezeit":"2\u00a0Minuten"},"schema":{"@context":"https:\/\/schema.org","@graph":[{"@type":"WebPage","@id":"https:\/\/east-frisia.de\/juist\/webcam-juist\/","url":"https:\/\/east-frisia.de\/juist\/webcam-juist\/","name":"Webcam Juist - Juist \u2013 Die Perle der Ostfriesischen Inseln","isPartOf":{"@id":"https:\/\/east-frisia.de\/juist\/#website"},"datePublished":"2024-05-22T10:49:09+00:00","breadcrumb":{"@id":"https:\/\/east-frisia.de\/juist\/webcam-juist\/#breadcrumb"},"inLanguage":"de","potentialAction":[{"@type":"ReadAction","target":["https:\/\/east-frisia.de\/juist\/webcam-juist\/"]}]},{"@type":"BreadcrumbList","@id":"https:\/\/east-frisia.de\/juist\/webcam-juist\/#breadcrumb","itemListElement":[{"@type":"ListItem","position":1,"name":"Startseite","item":"https:\/\/east-frisia.de\/juist\/"},{"@type":"ListItem","position":2,"name":"Webcam Juist"}]},{"@type":"WebSite","@id":"https:\/\/east-frisia.de\/juist\/#website","url":"https:\/\/east-frisia.de\/juist\/","name":"Juist \u2013 Die Perle der Ostfriesischen Inseln","description":"Urlaub auf Juist","potentialAction":[{"@type":"SearchAction","target":{"@type":"EntryPoint","urlTemplate":"https:\/\/east-frisia.de\/juist\/?s={search_term_string}"},"query-input":{"@type":"PropertyValueSpecification","valueRequired":true,"valueName":"search_term_string"}}],"inLanguage":"de"}]}},"_links":{"self":[{"href":"https:\/\/east-frisia.de\/juist\/wp-json\/wp\/v2\/pages\/25","targetHints":{"allow":["GET"]}}],"collection":[{"href":"https:\/\/east-frisia.de\/juist\/wp-json\/wp\/v2\/pages"}],"about":[{"href":"https:\/\/east-frisia.de\/juist\/wp-json\/wp\/v2\/types\/page"}],"author":[{"embeddable":true,"href":"https:\/\/east-frisia.de\/juist\/wp-json\/wp\/v2\/users\/1"}],"replies":[{"embeddable":true,"href":"https:\/\/east-frisia.de\/juist\/wp-json\/wp\/v2\/comments?post=25"}],"version-history":[{"count":1,"href":"https:\/\/east-frisia.de\/juist\/wp-json\/wp\/v2\/pages\/25\/revisions"}],"predecessor-version":[{"id":26,"href":"https:\/\/east-frisia.de\/juist\/wp-json\/wp\/v2\/pages\/25\/revisions\/26"}],"wp:attachment":[{"href":"https:\/\/east-frisia.de\/juist\/wp-json\/wp\/v2\/media?parent=25"}],"curies":[{"name":"wp","href":"https:\/\/api.w.org\/{rel}","templated":true}]}}